 -4*v = -4*j - 108704, -10*v = -7*v + 4*j - 81486. What are the prime factors of v?
2, 5, 11, 13, 19
Suppose 0 = 3*a - i - 14, -4*i = -3*a - 1 + 21. What are the prime factors of 268 - (a + 1 - 3)?
2, 7, 19
Suppose -h - l = -0*h - 376, h - 385 = -4*l. Let i = -672 + h. Let d = -180 - i. List the prime factors of d.
7, 17
What are the prime factors of 30/(-9)*5864163/(-365)?
2, 26777
Let l(o) = 2*o**3 + 34*o**2 - 13*o + 198. List the prime factors of l(-17).
419
Suppose 6*h + 7 = -35. Let u(f) = 17*f**2 + 13*f - 10. List the prime factors of u(h).
2, 3, 61
Let y = 35980 + -25288. List the prime factors of y.
2, 3, 11
Let u be ((0 - 0) + -1)*(-7 - 286). Let p = u - 59. What are the prime factors of p?
2, 3, 13
Let o be -2 + 7 + -2 - (0 + -4). Let m(n) = 11*n + 31. List the prime factors of m(o).
2, 3
Suppose -8*m = -11*m + 4*u + 5, -u = 5. Let j(d) = 7*d**2 + d + 4. List the prime factors of j(m).
2, 3, 29
Let q = -143 + 140. Let i(f) be the first derivative of -3*f**4/4 - f**3/3 + f**2/2 + 3*f + 2. List the prime factors of i(q).
2, 3
List the prime factors of (-358496)/(-58) + (-164)/(-4756).
7, 883
Let v(u) = -20*u**2 - 2*u + 6. Let g(j) = -1. Let l(d) = -10*g(d) - v(d). Suppose 3*o - 2*q = -4, -7*o + q - 3 = -6*o. List the prime factors of l(o).
2, 11
Let s = -1684 + 1129. Let c = s + 1185. What are the prime factors of c?
2, 3, 5, 7
Suppose 5*i + 3*n = -41 + 307, 3*i = 3*n + 174. Let j = -53 + i. Suppose 0 = j*g - 5*v - 347, 0 = -g + 4*v + 208 - 33. List the prime factors of g.
3, 19
Let p(w) = -4*w**3 - 43*w**2 - 233*w - 55. What are the prime factors of p(-25)?
5, 17, 487
Let q(r) = -r**2 - 27*r - 86. Let g be q(-4). List the prime factors of (-19)/(665/(-54330)) - g/21.
2, 97
Let c(r) = -r**2 + 56*r + 170. Let f be (-11)/(-10) + -1 - (-5837)/130. List the prime factors of c(f).
5, 7, 19
Let q = 193 - 285. List the prime factors of (68/10 + q/115)*78.
2, 3, 13
Let s(g) = 2*g**2 + 6*g + 7. Let w be s(-5). Let r = 32 - w. Suppose r*o = 119 + 91. What are the prime factors of o?
2, 3, 7
Let l be (-240)/(-30) - (-3503 - -1). Let q = -2060 + l. What are the prime factors of q?
2, 5, 29
Let g = -71 - -72. Let y(n) = n**2 + 10*n + 25. Let z be y(-11). List the prime factors of g/3 + 3840/z.
107
Let o be (-8207)/(-203) + 6/(-14). Suppose -5*t - o + 115 = 0. Suppose -t + 505 = 10*b. List the prime factors of b.
7
Let t = -8583 - -11086. List the prime factors of t.
2503
Let r(b) = -4481*b - 230. What are the prime factors of r(-3)?
73, 181
Suppose -5*l + 3*u + 599 = 0, -4*l = 3*u - 0*u - 490. Let j = l - -38. List the prime factors of j.
3, 53
Let y be ((-12)/(-6))/2 - 528/(-1). Suppose 531 + y = 5*k. List the prime factors of k.
2, 53
Suppose 0 = 4*b - 0*b - 5*q - 33286 - 61138, 0 = 4*q. What are the prime factors of b?
2, 11, 29, 37
Suppose -5*w - 4*f = -2606 - 155, -5*w + 2763 = 2*f. List the prime factors of w.
7, 79
Suppose -c + 2*g + 355 = -g, 10 = -2*g. Suppose -c = -5*w + 20. List the prime factors of w.
2, 3
Suppose 0 = 5*b - 0*w - w - 76, 0 = -2*b + 5*w + 12. Suppose 2*s + 4*o - b = 0, 0*o = -2*o + 10. What are the prime factors of (-2 + 1)*386*1/s?
193
Suppose 0 = -136*x - 77997 + 1270791 + 1444382. What are the prime factors of x?
19391
Suppose 0 = -5*o - 10 - 20. Let i(g) = 3*g - 3*g - 21 - 10*g + g. What are the prime factors of i(o)?
3, 11
Let b(m) be the second derivative of m**4/6 - 13*m**3/6 + 13*m**2/2 - 6*m. Let a be b(8). Let p = a + -4. List the prime factors of p.
3, 11
Let l = 60 + -16. Suppose -7*m + 19 = -l. Suppose -m*v = 7*v - 2416. List the prime factors of v.
151
Let b(h) = 2*h**3 - 142*h**2 + 225*h - 29. List the prime factors of b(72).
26539
Let t(u) = -u**3 - 27*u**2 - 14*u - 62. Let h be t(-27). Suppose -5*b + 802 = 3*m - 2*m, -2*b + h = 2*m. List the prime factors of b.
7, 23
Suppose 15*g = -0*g + 45. Suppose 301 = 4*x + g*x. List the prime factors of x.
43
Let h = 22477 + -3485. What are the prime factors of h?
2, 1187
Let l be -3 - (-2 + 3) - -25. Suppose -9 = -6*s + l. Let g = 21 + s. What are the prime factors of g?
2, 13
What are the prime factors of (-353736)/(-11) + (15 - (-978)/(-66))?
2, 7, 2297
Let o(v) = 694*v**2 + 15*v + 59. What are the prime factors of o(-5)?
2, 3, 107
Suppose 30*b = -11963 + 26271 + 43292. List the prime factors of b.
2, 3, 5
Let d(y) = 56*y**2 + 6*y + 7. Let l be d(-2). Suppose 5*p + 4*c = 374, 5*p - l = 2*p + 3*c. Suppose 5*i - p = 166. List the prime factors of i.
2, 3
Suppose -64*r + 48*r - 48352 = 0. What are the prime factors of (17 + -15 + 2)/((-8)/r)?
1511
Suppose -6*q + 9*q = 18. Let a be ((-2025)/q)/9*4/6. Let f = 227 + a. What are the prime factors of f?
2, 101
Let b = 5926 - -22224. List the prime factors of b.
2, 5, 563
Let b(i) = 5*i**2 + 6*i + 25. Let z be b(-6). Suppose -251 - z = -6*k. What are the prime factors of k?
2, 5, 7
Suppose k = -5*k + 12. Suppose -4*d = -2*b + 16 + k, 8 = -3*d - 4*b. What are the prime factors of (54/(-5))/(d - (-38)/10)?
2, 3
Let o be (-1229 - -2)*(5 + (-16)/3). Let j = o - -707. List the prime factors of j.
2, 3, 31
List the prime factors of (199/(-2))/(15 + 13 + 266295/(-9510)).
199, 317
Suppose 449*d = 439*d - 4220. Let o = d + 687. List the prime factors of o.
5, 53
Let y(s) = -9*s + 131. Let j be y(14). Suppose -2*o = -4*n - 868, 0*o - j*n - 431 = -o. What are the prime factors of o?
2, 109
What are the prime factors of (11 + 2724/(-48))/((-6)/664)?
61, 83
Let i be (-5 - 0/3) + (-9 - -6). What are the prime factors of (2832/(-60))/(i/260)?
2, 13, 59
Let y(f) = 13*f**2 - 76*f - 12. Let j be y(6). Let q(o) be the first derivative of -o**4/4 + o**3/3 + o**2/2 + 75*o - 1. List the prime factors of q(j).
3, 5
Let b = -113 - -110. List the prime factors of 31/(-6*b/270).
3, 5, 31
Suppose -t + 295963 = 4*n, -331*t - 18 = -337*t. List the prime factors of n.
2, 5, 7, 151
Let i = -22687 + 64849. List the prime factors of i.
2, 3, 7027
Let o(x) = 249*x**3 - 18*x**2 + 44*x - 17. List the prime factors of o(5).
2, 15439
Let h(c) = -c**3 - 37*c**2 + 75*c - 119. List the prime factors of h(-41).
2, 5, 353
Suppose 32 = 80*u - 79*u. Suppose -u*x = -34*x + 904. List the prime factors of x.
2, 113
Let d(u) = -6*u**3 + 4*u**2 - 10*u - 2. Let c(h) = 2*h**3 + h**2 + 2. Let a(t) = -3*c(t) + d(t). What are the prime factors of a(-3)?
5, 71
Let p(k) = -k**3 + 111*k**2 + 187*k + 262. What are the prime factors of p(107)?
66067
Suppose -52 = 3*i - 64. Suppose p - 3 = -i*l, -4*p - 12 = 2*l - 8*p. Suppose n - 70 - 854 = -4*d, l = 3*d + n - 693. What are the prime factors of d?
3, 7, 11
Let o(w) = -20*w - 2. Let j be o(-6). Suppose -5*f = -l - 3*f + 216, 0 = -l - f + 207. Let i = l - j. List the prime factors of i.
2, 23
Let l be (-14)/(-1) + ((-54)/9 - 2). Let k be 1/(2/(-8))*-6. Suppose k = -l*z + 402. List the prime factors of z.
3, 7
Let z(a) = -a**2 + 1. Let x(m) = 5*m**2 - 2*m + 15. Let h(k) = x(k) + 6*z(k). Let w be h(-6). What are the prime factors of (3*2/w)/((-4)/138)?
3, 23
Let h = 37 - 160. Let f = h + 208. Suppose -2*t - f = -l, -l + 3*t + 425 = 4*l. What are the prime factors of l?
5, 17
Let v(y) = 7*y**3 + 5*y**2 + y - 2. Let q be v(-3). Let k = 424 + q. What are the prime factors of k?
5, 11
Suppose -i = 2*z + 2*z - 559, 3*i = -3*z + 417. Suppose -q - 20 = -3*l - 55, 0 = -4*q - l + z. List the prime factors of q.
5, 7
Let k(p) = -p**3 - 6*p**2 + 4*p - 6. Let d be k(-7). Suppose d*l + 24 = 11*l. List the prime factors of (-2)/(-1)*l/(-3).
2
Let f(a) = -3*a**3 + 6*a**2 + 20*a + 98. Let h be f(-6). Let p = 1045 - h. What are the prime factors of p?
7, 29
Suppose -2*a + 3 + 1 = 0. Let d be (-54 + (-24)/3)/(-1) + 7. Suppose -a*x + 43 + d = 0. List the prime factors of x.
2, 7
Let g(b) = 81*b**3 - b**2 + 1. Let n be g(1). Suppose -42*f + 6062 = -1458 - 880. Let h = f - n. List the prime factors of h.
7, 17
Let k = 1671 - 657. What are the prime factors of k?
2, 3, 13
Suppose 2*r - 64 = 2*x, -27*r + x + 65 = -25*r. Suppose -2*u + 4*m = 8, 0 = -2*u + m + 6 + 1. List the prime factors of 1*u*44/r.
2
Suppose 2*m + 6 = -3*c, 4 = 3*c + 5*m + 19. Suppose c = 3*s - 3*u - 324, 3*s + 0*u - 323 = 2*u. List the prime factors of 1/(1 - 106/s).
107
Let g(r) = 11*r + 40. Suppose 2*d - 19 = -5. List the prime factors of g(d).
3, 13
Suppose 483*k - 26673 = -3*c +